94.
2, 3, 4447, 11467
List the prime factors of 357597186.
2, 3, 227, 262553
What are the prime factors of 139571791?
139571791
List the prime factors of 451352046.
2, 3, 23, 3270667
What are the prime factors of 176218055?
5, 13, 2711047
What are the prime factors of 368097527?
7, 52585361
List the prime factors of 181521970.
2, 5, 7, 61, 6073
List the prime factors of 297613006.
2, 148806503
What are the prime factors of 374739449?
7, 17, 3149071
What are the prime factors of 1234052051?
23, 29, 83, 22291
List the prime factors of 231581312.
2, 1809229
What are the prime factors of 1572785889?
3, 17, 331, 93169
List the prime factors of 167033407.
167033407
List the prime factors of 543901249.
47, 127, 91121
List the prime factors of 448031043.
3, 151, 329677
List the prime factors of 4085574054.
2, 3, 680929009
What are the prime factors of 41327672?
2, 41, 163, 773
List the prime factors of 578737007.
89, 6502663
List the prime factors of 3332853187.
3332853187
List the prime factors of 226400756.
2, 2267, 24967
List the prime factors of 329729271.
3, 53, 137, 15137
List the prime factors of 3626093275.
5, 7, 20720533
What are the prime factors of 91298383?
11, 53, 156601
List the prime factors of 15165873.
3, 139, 449
List the prime factors of 53002689.
3, 17667563
List the prime factors of 1639899532.
2, 409974883
List the prime factors of 3342846587.
73, 45792419
What are the prime factors of 21626099?
11, 1966009
List the prime factors of 4697749245.
3, 5, 7, 167, 267907
List the prime factors of 1917284075.
5, 7, 127, 281, 307
List the prime factors of 1422375775.
5, 23, 2473697
What are the prime factors of 612951462?
2, 3, 1261217
What are the prime factors of 47360637?
3, 439, 11987
List the prime factors of 180769547.
7, 2411, 10711
List the prime factors of 62834761.
11, 461, 12391
What are the prime factors of 101437762?
2, 401, 126481
List the prime factors of 32874503.
19, 1730237
List the prime factors of 193576073.
23, 29, 290219
List the prime factors of 366889879.
977, 375527
What are the prime factors of 92270145?
3, 5, 11, 559213
List the prime factors of 372029638.
2, 1249, 148931
List the prime factors of 423696959.
7, 60528137
List the prime factors of 193281466.
2, 7, 17, 23, 31, 67
What are the prime factors of 451935074?
2, 43, 5255059
List the prime factors of 43351773.
3, 103, 140297
What are the prime factors of 3600799?
3600799
What are the prime factors of 593345535?
3, 5, 607, 65167
What are the prime factors of 1113734451?
3, 23, 3881, 4159
List the prime factors of 1079074760.
2, 5, 26976869
What are the prime factors of 287826925?
5, 11513077
What are the prime factors of 387818817?
3, 2789, 46351
List the prime factors of 10144546.
2, 17, 298369
What are the prime factors of 3534989091?
3, 149, 233, 33941
What are the prime factors of 5415507?
3, 683, 881
What are the prime factors of 3633524119?
73, 49774303
What are the prime factors of 187011757?
187011757
What are the prime factors of 4365575827?
4365575827
List the prime factors of 1128917422.
2, 564458711
List the prime factors of 129797278.
2, 13, 17, 293659
What are the prime factors of 57536551?
17, 29, 116707
List the prime factors of 751811175.
3, 5, 101, 33083
What are the prime factors of 19404078?
2, 3, 31, 104323
List the prime factors of 289064670.
2, 3, 5, 19, 73, 6947
List the prime factors of 41061206.
2, 20530603
What are the prime factors of 1242313032?
2, 3, 1553, 33331
What are the prime factors of 555321838?
2, 131, 199, 10651
What are the prime factors of 51339096?
2, 3, 8803
List the prime factors of 29093057.
7, 4156151
List the prime factors of 26814745.
5, 5362949
What are the prime factors of 3581215963?
13, 21190627
What are the prime factors of 6821446809?
3, 17, 133753859
List the prime factors of 3070502251.
3070502251
What are the prime factors of 88707352?
2, 19, 37, 15773
List the prime factors of 2387268531.
3, 79, 193, 1933
List the prime factors of 192888056.
2, 1657, 14551
What are the prime factors of 6893973?
3, 59, 12983
What are the prime factors of 83017862?
2, 37, 317, 3539
What are the prime factors of 342644816?
2, 107, 263, 761
List the prime factors of 86591966.
2, 179, 241877
List the prime factors of 3244739889.
3, 1787, 605249
What are the prime factors of 633988255?
5, 131, 937, 1033
List the prime factors of 1187577791.
23, 31, 571, 2917
What are the prime factors of 146480?
2, 5, 1831
What are the prime factors of 35930768?
2, 29, 211, 367
What are the prime factors of 723477303?
3, 347, 231661
What are the prime factors of 612836175?
3, 5, 7, 1167307
List the prime factors of 35165690.
2, 5, 7, 17, 29, 1019
List the prime factors of 56877403.
11, 5170673
What are the prime factors of 443741829?
3, 23, 877, 7333
What are the prime factors of 3206694575?
5, 7, 29, 631861
List the prime factors of 73649834.
2, 36824917
List the prime factors of 3948320104.
2, 493540013
List the prime factors of 342342028.
2, 7, 23, 75941
What are the prime factors of 1535242359?
3, 7, 233, 313763
What are the prime factors of 725169358?
2, 362584679
List the prime factors of 3602125548.
2, 3, 7, 709, 20161
List the prime factors of 130634934.
2, 3, 1571, 13859
List the prime factors of 180965310.
2, 3, 5, 19, 317483
What are the prime factors of 967294465?
5, 19, 10182047
List the prime factors of 432489092.
2, 7, 89, 24793
List the prime factors of 691586071.
11, 43, 1462127
List the prime factors of 14397172.
2, 23, 156491
List the prime factors of 21196160.
2, 5, 33119
What are the prime factors of 72117602?
2, 1451, 24851
List the prime factors of 422547958.
2, 7, 251, 120247
What are the prime factors of 548406912?
2, 3, 1428143
List the prime factors of 114443427.
3, 7, 5449687
List the prime factors of 48784481.
179, 272539
What are the prime factors of 680117974?
2, 2243, 151609
What are the prime factors of 115126201?
23, 29, 172603
What are the prime factors of 205225986?
2, 3, 7, 4886333
What are the prime factors of 142933868?
2, 7, 11, 23, 20177
What are the prime factors of 142230394?
2, 41, 109, 15913
What are the prime factors of 146695182?
2, 3, 24449197
What are the prime factors of 1012913061?
3, 337637687
What are the prime factors of 55804256?
2, 23, 75821
List the prime factors of 975169864.
2, 2029, 60077
What are the prime factors of 4195737340?
2, 5, 137, 151, 10141
List the prime factors of 73647517.
59, 21157
List the prime factors of 3038189285.
5, 607637857
List the prime factors of 2127226686.
2, 3, 13, 367, 74311
List the prime factors of 1046536525.
5, 41861461
List the prime factors of 38290444.
2, 3079, 3109
List the prime factors of 196513911.
3, 11, 661663
List the prime factors of 4122493930.
2, 5, 359, 1148327
List the prime factors of 2236732904.
2, 7, 39941659
List the prime factors of 155259882.
2, 3, 2875183
List the prime factors of 265439940.
2, 3, 5, 4423999
List the prime factors of 2657267278.
2, 443, 2999173
List the prime factors of 8021324682.
2, 3, 7, 63661307
List the prime factors of 347036182.
2, 173518091
What are the prime factors of 3003848538?
2, 3, 500641423
What are the prime factors of 717502?
2, 17, 47, 449
List the prime factors of 3034731561.
3, 13997, 72271
What are the prime factors of 63680414?
2, 7, 1531, 2971
List the prime factors of 4826223366.
2, 3, 804370561
What are the prime factors of 2042364503?
18523, 110261
List the prime factors of 96595274.
2, 48297637
What are the prime factors of 1284160752?
2, 3, 7, 19, 3529
List the prime factors of 1245869.
29, 42961
What are the prime factors of 278588?
2, 257, 271
What are the prime factors of 61061961?
3, 907, 22441
What are the prime factors of 13503143?
61, 181, 1223
List the prime factors of 1530758111.
1530758111
What are the prime factors of 1404723765?
3, 5, 263, 356077
What are the prime factors of 169202466?
2, 3, 73, 42923
What are the prime factors of 81686099?
11, 443, 16763
List the prime factors of 184234363.
2153, 85571
List the prime factors of 5329016042.
2, 7, 113, 3368531
List the prime factors of 26068139.
26068139
List the prime factors of 506562015.
3, 5, 33770801
List the prime factors of 36593303.
1571, 23293
List the prime factors of 2897424632.
2, 23, 15746873
What ar